00100
In base 15, what is 34ca7ddb - 2?
34ca7dd9
In base 10, what is -15605 + -1468?
-17073
In base 7, what is -2566365 - 136?
-2566534
In base 3, what is 20202201010100212 - 12?
20202201010100200
In base 2, what is -1000001 + -1010111011001011011?
-1010111011010011100
In base 3, what is 11 - 2211021100221220?
-2211021100221202
In base 7, what is -4 + -132331?
-132335
In base 3, what is 100222022 + 1221210?
102221002
In base 9, what is 75 - 410311?
-410225
In base 7, what is -666423211 + -1?
-666423212
In base 15, what is 55 + -2772d?
-276c8
In base 16, what is -1a0406 + 2?
-1a0404
In base 4, what is -1001220 - 120302?
-1122122
In base 9, what is 4872 + 2728?
7711
In base 2, what is -1011110010001 + 110101001010011?
101001011000010
In base 4, what is -100130 + 13232010?
13131220
In base 5, what is -30112040 + 31410?
-30030130
In base 2, what is 101 + -1010111101001010010?
-1010111101001001101
In base 8, what is 11136351 + 15?
11136366
In base 5, what is 1 + -204434133?
-204434132
In base 6, what is -1 - -502433350?
502433345
In base 13, what is 30 - -35313?
35343
In base 4, what is 1101022 + -1021020?
20002
In base 16, what is -46d3 + -130?
-4803
In base 16, what is e8da8a - 4?
e8da86
In base 8, what is 102415005 + -41?
102414744
In base 9, what is 271065513 - 3?
271065510
In base 14, what is -3 + 795a6a2?
795a69d
In base 5, what is 23301304112 + 3?
23301304120
In base 7, what is 3 + 225540252?
225540255
In base 3, what is 102111012002012 - -2?
102111012002021
In base 5, what is 41 + 2311333224?
2311333320
In base 6, what is -234 - -44450242?
44450004
In base 6, what is 411435305 - 5?
411435300
In base 2, what is -1001101110000 + 11000010110?
-110101011010
In base 8, what is 4141 - 55067?
-50726
In base 4, what is -101103003313002 + 10?
-101103003312332
In base 7, what is 520250 - 1445?
515502
In base 7, what is 25601 - -11003?
36604
In base 11, what is 884440 - -203?
884643
In base 10, what is 22809419 - 1?
22809418
In base 3, what is -20200011121101210 + -110?
-20200011121102020
In base 2, what is -1100001010001000011111010 - -10?
-1100001010001000011111000
In base 11, what is 27190 - a742?
17549
In base 3, what is 200210 + -100202021?
-100001111
In base 14, what is 4 - 20959d?
-209599
In base 11, what is -16 - 429317?
-429332
In base 9, what is 4 + 14760650?
14760654
In base 8, what is 1637656 - 561?
1637075
In base 3, what is -112012012211021011 + -10?
-112012012211021021
In base 5, what is -3214024 + 1043033?
-2120441
In base 16, what is -70e36 + 26?
-70e10
In base 9, what is 105 + 47400?
47505
In base 7, what is 2 - 46352612?
-46352610
In base 3, what is -1122 - 100111022?
-100112221
In base 16, what is -414d23 + 14?
-414d0f
In base 10, what is -124 + 1881286?
1881162
In base 14, what is -dc7a7 + -16?
-dc7bd
In base 10, what is 1523066 + 10?
1523076
In base 12, what is 5b7403b + 2?
5b74041
In base 4, what is 313302231213 - -3?
313302231222
In base 6, what is -354113315 + -21?
-354113340
In base 4, what is 1 + 2203210230212?
2203210230213
In base 3, what is 10 - 20011201102?
-20011201022
In base 3, what is 11001001 + -110202?
10120022
In base 6, what is 4251 - -5114033?
5122324
In base 15, what is -3757a7 + -4?
-3757ab
In base 2, what is -1011 - -1010010100010010111?
1010010100010001100
In base 9, what is 25 - 1038611?
-1038575
In base 6, what is 341200 - 2201?
334555
In base 10, what is 233 - 12058?
-11825
In base 2, what is 11011110100011 - -11100001?
11100010000100
In base 12, what is 381561 + -1?
381560
In base 7, what is -5 + 26603556?
26603551
In base 11, what is 3 - -77a860a?
77a8612
In base 11, what is 4 - -6146954?
6146958
In base 13, what is -370c + -2897?
-62a6
In base 6, what is -10320 + 25044?
14324
In base 13, what is 27a11826 - -5?
27a1182b
In base 9, what is 1537 + 3711?
5348
In base 15, what is -262ce5 + 10?
-262cd5
In base 8, what is 4164375010 + -3?
4164375005
In base 2, what is 11110101 - -1010000001100010?
1010000101010111
In base 10, what is -1579687 - 39?
-1579726
In base 6, what is 211345 + 5?
211354
In base 5, what is -11 - 10044041033?
-10044041044
In base 2, what is -101000 - 100111000101011011011?
-100111000101100000011
In base 6, what is -11201552 + 1?
-11201551
In base 16, what is 2 - -61f8775?
61f8777
In base 5, what is -230 + -131204102?
-131204332
In base 6, what is -152350324 + 0?
-152350324
In base 11, what is -9 - -aa4980?
aa4972
In base 15, what is -3e23 + 582?
-3891
In base 8, what is 146140 - -7510?
155650
In base 13, what is 191cc - -29?
19228
In base 13, what is 2 - 6332cbbb?
-6332cbb9
In base 8, what is -750661 - 363?
-751244
In base 3, what is 1221 + 111101210212200?
111101210221121
In base 8, what is -1 - 13645766?
-13645767
In base 11, what is -2 - -15605141?
1560513a
In base 11, what is 98175 - -21?
98196
In base 7, what is 12456 - -10102?
22561
In base 15, what is -66d148 + -22?
-66d16a
In base 4, what is 2 - 22210322200323?
-22210322200321
In base 2, what is -1010000101010 + -11100101011011?
-100110110000101
In base 7, what is -3 - 6302341203?
-6302341206
In base 4, what is 300010123213 - 2?
300010123211
In base 13, what is -144 + 6528?
63b4
In base 3, what is -121202222 - -2102?
-121200120
In base 13, what is -4 + 49098b2?
49098ab
In base 12, what is 83b829 + -29?
83b800
In base 2, what is 11100100 - 11001001000000101011?
-11001000111101000111
In base 15, what is b - 85143d?
-851432
In base 6, what is 14540 + -4320?
10220
In base 13, what is -1565 + -778?
-2010
In base 7, what is 54420 - -264153?
351603
In base 11, what is 1a562a + -16?
1a5614
In base 9, what is 747182 + -202?
746880
In base 8, what is 4722420 + -4?
4722414
In base 6, what is 144515 - 10205?
134310
In base 7, what is 130521531 - 6?
130521522
In base 2, what is 10000000101110100110 + 100110111?
10000000110011011101
In base 10, what is -7768 + -29422?
-37190
In base 11, what is 583610 + -451?
58316a
In base 13, what is -19419 + 13a1?
-18048
In base 15, what is 17c79e4 + -4?
17c79e0
In base 6, what is 2 + -1044251140?
-1044251134
In base 11, what is -8347a6 - 190?
-834986
In base 14, what is 7c3 + 2001?
27c4
In base 7, what is -21642360 - 3?
-21642363
In base 3, what is 1122201201122212211 - -1?
1122201201122212212
In base 8, what is 103153 - 17757?
63174
In base 3, what is 2111210222 - -1211?
2111212210
In base 7, what is -653 + -231546?
-232532
In base 4, what is 223 - -322003110?
322003333
In base 11, what is -a24 + -28925?
-29849
In base 8, what is -3 + 6340517?
6340514
In base 3, what is 11 - 20201101212222?
-20201101212211
In base 13, what is -2967 + 33453?
307b9
In base 2, what is -11 + 100001000000011101110?
100001000000011101011
In base 10, what is -5676655 - 1?
-5676656
In base 2, what is -1010 + 11000011010001010000001011?
11000011010001010000000001
In base 7, what is -224 + -21110611?
-21111135
In base 7, what is -160356426 - -4?
-160356422
In base 12, what is 95 + -1248411?
-1248338
In base 8, what is 1 + 1414445?
1414446
In base 4, what is -30303 - 2003120331?
-2003211300
In base 10, what is 8934741 - -3?
8934744
In base 16, what is 348851b + -7?
3488514
In base 9, what is -6731 - -27?
-6703
In base 12, what is 83 + 50a15?
50a98
In base 15, what is 9ad0 - -216?
9ce6
In base 6, what is 121243 + -4343?
112500
In base 8, what is 1 + 7261311?
7261312
In base 16, what is -5398b1 - -4?
-5398ad
In base 5, what is -101110 - 131100?
-232210
In base 5, what is 24 + -40344002?
-40343423
In base 9, what is 5616 - -5483?
12210
In base 14, what is 3b1b + 466?
4183
In base 3, what is -10101110 + -2200011?
-20001121
In base 3, what is -111 - -1122211102020000?
1122211102012112
In base 16, what is -4 - 1aa0c1?
-1aa0c5
In base 2, what is 101101110 + -1100011000011?
-1011101010101
In base 9, what is 46847 + 438?
47386
In base 11, what is -3a - -4314527?
4314498
In base 6, what is 422254 + -140?
422114
In base 12, what is -37a529 - -16?
-37a513
In base 15, what is 12d4577 + 1?
12d4578
In base 2, what is -10000101101001010010010 - 1111?
-10000101101001010100001
In base 7, what is -1454161340 + 5?
-1454161332
In base 8, what is 2131 + -1511?
420
In base 16, what is -8c4 - -10144?
f880
In base 10, what is 4 + 1295927?
1295931
In base 8, what is 33403312 + -2?
33403310
In base 11, what is a65793 - -44?
a65827
In base 6, what is -55